6*(3/(-9))/(5/j)?
6
Suppose 5*a - 2*s = 425, -2*a + 170 = -0*a - 3*s. Let f be 387 - (-3)/(2/2). Suppose -f + a = -5*x. What is the units digit of x?
1
Suppose -33*m = -14*m - 22*m. Suppose m = 3*b - 8 - 1, -4*q - 3*b = -1717. What is the units digit of q?
7
Suppose 4*s - 23901 - 3728 = 11603. What is the thousands digit of s?
9
Let x be 1424/534 + (0 - 4/6). Suppose -3*u + 12 = 0, -3*b + x*b + 872 = 5*u. What is the hundreds digit of b?
8
Let b = 38 + -34. Suppose -2*a - 2 + 6 = 0, -160 = -b*p - 4*a. Suppose 2*l + p - 268 = -3*n, 228 = 2*l + 4*n. What is the hundreds digit of l?
1
Let a = 3854 + 1522. Suppose 0 = 5*h - c - 57 - 6654, 0 = 4*h + c - a. What is the units digit of h?
3
Let z(b) = 60*b - 1. Let c(j) = j. Let t(p) = -5*c(p) - z(p). Let a(y) = y**2 + 8*y - 1. Let k be a(-8). What is the tens digit of t(k)?
6
Let p = -117694 + 172321. What is the tens digit of p?
2
Suppose 3*l - 30438 = -5*j - 919, 2*l - 4*j - 19716 = 0. What is the tens digit of (-9)/((-180)/l) - (-12)/20?
9
Suppose -7468*u + 80 = -7460*u. Let k(v) be the third derivative of -v**6/120 + v**5/5 - 5*v**4/12 - v**3/6 - v**2. What is the tens digit of k(u)?
9
Let q = -163 - -86. Let x = -72 - q. Suppose 243 = 4*d - 7*r + 4*r, -x*r = -15. What is the tens digit of d?
6
Let j be (-5 - 0)*(-52)/10. Suppose 3*a - j = 4. Suppose a*f - 572 = -3*f. What is the units digit of f?
4
Let w be (-3733 - 0/(-2))*-1. Suppose 14*y - 3995 = w. What is the hundreds digit of y?
5
Suppose 3*l - 800 = -4*x, -2*x - 5*l = -2*l - 400. Suppose 0 = 4*u + 2*f - 520, u + 4*f = 4*u - 368. Let r = x - u. What is the tens digit of r?
7
What is the tens digit of (-1232)/560 - (-1328144)/20?
0
Suppose -13382 = -4*w - 2*g, w - 4*w - g + 10035 = 0. What is the tens digit of w?
4
Let y be 2571 + 11 + (-1)/(-3)*0. Suppose -3*j + y = 2*i, 20*j - i - 859 = 19*j. What is the units digit of j?
0
Let r(b) = b**3 + 6*b**2 - 6*b + 2. Let h be r(-7). Let j(n) = n**2 + 5*n - 3. Let q be j(h). What is the tens digit of 6*(3 + 3/q)?
1
Let w = 12399 + -5399. What is the units digit of w?
0
Let u(d) = -d**3 - 24*d**2 + 149*d + 140. What is the tens digit of u(-37)?
2
Let w be 50*(36/(-8) - -5)*-3. What is the hundreds digit of ((-2436)/18)/(-2 - 145/w)?
0
Suppose 271 = -6*l + 325. Suppose -1194 = l*g - 4416. What is the hundreds digit of g?
3
Let l = 11203 + 25059. What is the ten thousands digit of l?
3
Suppose 291*n - 6313232 + 2036696 = 0. What is the ten thousands digit of n?
1
Let d(j) = -j**2 - 9*j + 1. Let k be d(-8). Let l(z) = -6*z + 67. Let n be l(k). Suppose 7*i + 288 = n*i. What is the tens digit of i?
4
Let f be (-1 - 34/(-9)) + (-104)/(-468). Suppose -4*r = -f*r - 5, -1603 = -4*x - 3*r. What is the hundreds digit of x?
3
Suppose -3*y - a = -30, 4*a = -5*y - 0*a + 50. Let o(j) = -j**3 + 15*j**2 - 6*j - 19. What is the hundreds digit of o(y)?
4
Let f = -67 - -72. Suppose 0 = 5*r + 3*v - 1885, -f*r + v = -7*r + 754. What is the hundreds digit of r?
3
Let d(m) = -2*m - 7. Suppose -4*v = -7*v - 15. Let i be d(v). What is the units digit of 0 - 172*(15/6 - i)?
6
What is the units digit of (-21)/(6*(-15)/33210)?
9
Let y(q) = -q**3 + 2*q**2 - 2*q + 23367. What is the ten thousands digit of y(0)?
2
Let o = -79 - -81. Suppose 351 + 157 = o*n. Let b = n - 105. What is the units digit of b?
9
Suppose 12*n - 44 + 32 = 0. What is the hundreds digit of 5834*n/12 - 2/12?
4
Let k = -135 + 159. What is the units digit of 1 - 6/k*115*-20?
6
Let i = 44545 + -26330. What is the ten thousands digit of i?
1
Let k be (115 + 9 - 6/1) + 6. Let c = k + 602. What is the tens digit of c?
2
Let m(g) = -270*g**3 - 4*g**2 + 18*g + 65. What is the hundreds digit of m(-4)?
2
Let k = -492 + 542. Suppose 2192 = k*i - 48*i. What is the thousands digit of i?
1
Suppose -j + 47820 = -5*k, -32*j + 28*j = 4*k - 191472. What is the hundreds digit of j?
8
Let f(x) = -25545*x**3 + 6*x**2 - 5*x - 11. What is the units digit of f(-1)?
5
Let c(r) = 19 - 46*r - 43*r - 44*r + 114*r. What is the units digit of c(-37)?
2
Let x(p) be the first derivative of 9*p**2/2 + 32*p - 70. Let r be -1 + 9 - (-4 + 4). What is the units digit of x(r)?
4
Suppose 5*r - v - 7 = 4*r, -15 = -2*r + v. Suppose -11*n = -r*n + 108. What is the units digit of ((-84)/n)/((-2)/(-72))?
4
Let o be 14947 + -33 - 5/1. Suppose -934 = 13*w - o. What is the units digit of w?
5
Suppose -h = 5*b - 44722, 2*b + 6541 = -3*h + 24409. What is the hundreds digit of b?
9
Let l(j) = 96*j - 401. Let h be l(6). What is the tens digit of 72500/h + (-2)/7?
1
Suppose 2*s - 632 = 1304. What is the units digit of s?
8
Let s(k) = -1968*k - 1584. What is the thousands digit of s(-17)?
1
Suppose 94*r + 820154 = 320*r. What is the hundreds digit of r?
6
Suppose 50841 = 6*d - 5*f, -42361 = -10*d + 5*d + 2*f. What is the hundreds digit of d?
4
Let p(y) = -3*y + 17. Let w be p(4). Let z be (-2 + w)/3*237. Suppose 0*q - z = -3*q. What is the units digit of q?
9
Let v be 7616/24 + 2/3 + 2. Suppose -8*w = -3*w + v. Let a = w - -95. What is the tens digit of a?
3
Let z(g) = 4*g**3 + 182*g**2 - 100*g - 10. What is the hundreds digit of z(-46)?
3
Let n(b) = -5*b**3 - 9*b**2 + 13*b - 77. Let a = -119 - -121. Let u(t) = t**3 + 2*t**2 - 3*t + 19. Let x(s) = a*n(s) + 9*u(s). What is the units digit of x(0)?
7
Suppose 2*o = 16863 + 2457. What is the hundreds digit of o?
6
Let h(b) = -b**2 - 14*b - 33. Let x be h(-6). Suppose 21*a - 486 = x*a. Suppose -4*m = -159 - a. What is the tens digit of m?
6
Suppose 4*t + 5*w = 0, -189*t = -186*t + 3*w. Suppose 2*z - 35 = 9. Suppose -c + z + 171 = t. What is the units digit of c?
3
Let z(y) = -y**3 + 50*y**2 - 23*y - 413. What is the tens digit of z(42)?
3
What is the ten thousands digit of (21/1)/(-12 - 303615/(-25299))?
1
Let k = -11477 + 18139. What is the units digit of k?
2
Let r(i) be the second derivative of -3*i + 1/2*i**2 + 81/20*i**5 + 0 - 1/2*i**3 + 1/12*i**4. What is the tens digit of r(1)?
8
Let c(o) = 557*o - 39. Let t be c(-3). Let h = t + 2910. What is the units digit of h?
0
Let t = -18030 - -37531. What is the ten thousands digit of t?
1
Let g(b) = -b**2 + 7*b + 13. Let i be g(8). Suppose 3*t + 3 = f, -i*f - 11 = 4. Let y = t - -38. What is the units digit of y?
6
Suppose 11*a - 40 = 9*a. Suppose 2*m - 6*m = -a. Suppose -310 = -m*x - 2*n, -x - 212 = -4*x + 4*n. What is the units digit of x?
4
Let b = -562 + 262. Let o = b - -824. What is the units digit of o?
4
Suppose 3*d + a = 7687, -d + a + 1753 = -812. What is the hundreds digit of d?
5
Suppose -9*q = -8*q - 252. Let i be (-1)/((-2)/q) + 2 + -1. Let m = 3 + i. What is the units digit of m?
0
Let s = 478 - 474. What is the units digit of (13*-7)/(-1 - (s + -4))?
1
Let j = -1345 - -2719. Let m = -930 + j. What is the tens digit of m?
4
Suppose -5*d - k = -91521, 0 = 5*d - 2*k + 6*k - 91509. What is the ten thousands digit of d?
1
Suppose -2*a + 24 - 130 = z, 2*a = -4*z - 100. Suppose -3*t = -2*t - p + 6, 0 = -2*t - 2*p. What is the tens digit of (-4)/18 + (-7140)/a - t?
3
Let v = -649 - -1691. Let b = v - 533. What is the units digit of b?
9
Suppose -673*i = -721*i + 116688. What is the units digit of i?
1
Let s = 14 + 113. Let c = -123 + s. Let l(n) = 11*n. What is the units digit of l(c)?
4
Suppose 9*k - 130 = -1048. Let f = -98 - k. Suppose -f*o - 5*n + 52 = -2*o, 2*o - 44 = -3*n. What is the units digit of o?
6
Let g(b) = 438*b + 218. What is the units digit of g(10)?
8
Suppose 106*z + 55039 = 129*z. What is the tens digit of z?
9
Let j(k) = -191*k - 43. Let s be j(8). Let w = s - -2334. What is the hundreds digit of w?
7
Let p(z) = -z**3 - 6*z - 4. Let f be p(4). Let j = 285 + f. What is the units digit of j?
3
Suppose -2*i + 5*x + 829 = 2*x, 3*i + 4*x = 1218. Suppose 0 = 18*m - 8*m - i. What is the units digit of m?
1
Suppose -1 = g, -13 = -2*r + 5*g - 2. What is the tens digit of 1608/5*(-2)/r*-5?
7
Suppose 334*m - 1067 = 237*m. Suppose -4*r + 5*j + 11 = 0, -5*j - 6 = -31. Suppose -r*o - 318 = -m*o. What is the units digit of o?
9
Suppose h - 4*x = -4*h + 16, -2*x - 2 = -h. Let p(o) = o**3 - 6*o**2 - 5*o + 2. Let j be p(h). What is the hundreds digit of 10/(-3 + (-155)/j)?
1
Suppose -2*z - 3 = z, 0 = r - z - 5. Let o(p) be the second derivative of 5*p**3/2 - 14*p**2 - p + 68. What is the tens digit of